 4*x = -a - 32, -2*a + 5*x = 19. Suppose d = -a*r - 17, -r + 0 = -3*d - 1. Let i = -1 - d. What is the units digit of i?
1
Let w = 3 - -2. Suppose -2*q - w = -19. What is the units digit of q?
7
Let c(h) = -h + 22. Suppose 0 = 3*m - 0*m - 30. What is the tens digit of c(m)?
1
Suppose -a - 4*w - 2 + 12 = 0, 4*a - 97 = 3*w. Suppose 2*z = 4 + a. What is the tens digit of z?
1
Let w = 3 + -3. Suppose -4*p + v + 19 = w, 0 = 2*p + 2*v - 3*v - 9. What is the units digit of (4/(-5))/((-1)/p)?
4
What is the units digit of ((-164)/8)/((-3)/6)?
1
Suppose i + 3 = -c, -2*c - 5 = 4*i - 3. What is the units digit of i?
2
Suppose -4*o - 8 = -2*l - 0*l, -4*o - 3*l = 8. What is the tens digit of 0/(o/(-2)) + 33?
3
Suppose 3*p = p + 30. What is the units digit of (-2)/(-1 + 2) + p?
3
Let d(f) = -19*f + 1. What is the units digit of d(-3)?
8
Suppose 483 = 7*c - 357. What is the tens digit of c?
2
Let h(r) = r - 1. Let v be h(4). Suppose v = 3*n - 3. What is the units digit of n?
2
Let p(h) = h**3 + 4*h**2 - 7*h - 2. Let m be p(-5). Suppose 0*c - m = 3*c - 2*i, -7 = 4*c + i. Let k = c - -3. What is the units digit of k?
1
Suppose 5*o - 263 = 122. What is the tens digit of o?
7
Let u = 4 - 2. Suppose 0 = -h + k + 6, u = -3*k + 2*k. Suppose -2*z = 4*i + 2*z - 12, 15 = 5*i + h*z. What is the units digit of i?
3
Let h = 10 + -3. Suppose h = k - 15. What is the tens digit of k?
2
Let j(m) = m**3 - 3*m**2 - 5*m + 4. Let p = 7 + -4. Let v be j(p). Let q(o) = -o**3 - 11*o**2 + o + 15. What is the units digit of q(v)?
4
Let f(r) = r**3 - 7*r**2 + 6*r. Let v be f(6). Suppose c - 3*c + 4 = v. What is the units digit of -10*(-1 - 0/c)?
0
Suppose -3*j - 12 - 3 = 0, -4*r - j + 635 = 0. What is the hundreds digit of r?
1
Let l(m) = m + 3. Let o be l(-3). Suppose -2*h + 4*h - 2 = o. What is the units digit of h?
1
Let l(s) = s**2 + 4*s - 7. Let g be l(-5). Let r = g + 5. Suppose -5*o = -r*o - 2. What is the units digit of o?
1
Suppose -14*j = -17*j + 270. What is the tens digit of j?
9
What is the tens digit of 219/3 + (-3 - -2)?
7
Let z be (-3)/((-357)/174 + 2). Suppose -4*p + 62 = -z. Suppose 5*r - p = -5*n, -30 + 10 = 4*r. What is the units digit of n?
1
Suppose -2*v - 2 = -12. Suppose -h + 3*d = -2*h + 4, h + 4 = -v*d. What is the tens digit of h?
1
What is the units digit of 180/24*6/5?
9
Let q be -2 - -9 - (3 + -2). Let d(s) = s + 0*s + q + 4 + 1. What is the tens digit of d(0)?
1
Suppose 138 - 25 = 3*x - 4*t, 2*x - 98 = -3*t. What is the tens digit of x?
4
Let t be (-7)/3 - (-3)/9. What is the units digit of t - (-30)/9*3?
8
Suppose 2*r = -4*p - 18 + 80, -r = 1. Suppose -m + 5*i + 28 = 0, -m = -3*i - p - 2. What is the units digit of m?
3
Suppose -h = 4*m + 4*h - 883, -h - 5 = 0. What is the tens digit of m?
2
Let l be (-9)/(-2)*8/(-12). Let c be -3 + -4 + l - 3. What is the units digit of 4 - 3 - -1 - c?
5
What is the units digit of 1 - -333 - (-4 - -4)?
4
Let n = 65 + -43. What is the tens digit of n?
2
Let p = -9 - -6. Let q(u) = -4. Let z(b) = b - 17. Let d(h) = 18*q(h) - 4*z(h). What is the units digit of d(p)?
8
What is the tens digit of (2/3)/(12/432)?
2
Suppose 6*d - d = 0. Suppose -q + 5*q - 24 = d. Suppose -4*r + q*v = 2*v - 28, -43 = -4*r + v. What is the units digit of r?
2
Suppose 0 - 10 = -2*u. Suppose -u*g + 25 = -3*c, 3*g = -c + 2*g + 5. Suppose c = -4*y - y + 45. What is the units digit of y?
9
Let b = 101 - 38. What is the units digit of b?
3
Suppose 0 = 3*v - v - 6. Suppose -x - 32 = -4*a - v*x, x + 14 = a. What is the units digit of a?
0
Let h(v) be the second derivative of -9/2*v**2 + 0 + 2*v + 4/3*v**3 - 1/12*v**4. What is the units digit of h(6)?
3
Let a(c) = c**3 + 6*c**2 + 3*c - 7. Let h be a(-5). Suppose 0 = -s - h*s + 16. What is the units digit of s?
4
Let h = 6 + -4. What is the units digit of (h - 3)/(-1) + 12?
3
Let w(n) = 6*n**3 - 2*n**2 + 2*n - 1. Let d be w(1). Suppose -25 = -2*c + d. What is the tens digit of c?
1
Let w = 2 + 2. Suppose 2*u = u + w. Suppose -2 = 2*t - u. What is the units digit of t?
1
Let d(q) = -3*q - 6. Let k be (-414)/99 - 2/(-11). What is the units digit of d(k)?
6
Suppose -3*g = 2*p - 27, 0 = -4*g + 3*p + 9 + 10. Suppose 25 = 4*i + 2*u + g, -2*i + 7 = 3*u. What is the units digit of i?
5
Suppose 105 = 4*h - h. What is the units digit of h?
5
Let i(p) = -11*p**3 + 3*p**2 + 4*p - 4. What is the tens digit of i(-2)?
8
Suppose -4*k + 0*k - 3*n + 13 = 0, k - 5*n = 9. Suppose k*h = -h. Suppose 0 = -y - h + 6. What is the units digit of y?
6
Suppose -s + 3*s = 4*j - 16, 5*s + 53 = -3*j. Let m = -1 - 0. What is the units digit of (4/s)/(m/30)?
2
Let t(p) = -p**3 + 11*p**2 + 13*p - 17. What is the units digit of t(9)?
2
Let u be (24/(-20))/(4/10). What is the units digit of 2/u - (-265)/15?
7
Suppose 14 = j + 35. Let x be (1 - -5)/(j/(-14)). Let n = 15 - x. What is the tens digit of n?
1
Suppose 5*u = 67 + 563. What is the tens digit of u?
2
Let l be (-6)/21 - 37/(-7). Let w be (3 + -1)*l/10. What is the units digit of (6/(-18))/(w/(-12))?
4
Let l(z) = -17*z + 16. What is the tens digit of l(-5)?
0
Let f(v) = 8*v - 4. Let s be f(3). Let i be (-3)/1 - (10 + -9). Let x = s + i. What is the tens digit of x?
1
Let o(h) be the first derivative of h**2/2 - 9*h - 2. Let l be o(7). What is the units digit of (-2 - -9) + l - -2?
7
Let u(g) = g**3 - 3*g**2 + 4*g - 3. Let k be u(3). Let r = k + -6. Suppose 8 = r*v - 10. What is the units digit of v?
6
Let q = 86 - 51. What is the tens digit of q?
3
Let s(t) = t**3 - 6*t**2 - 8*t + 6. Let i be s(7). Let r be ((-5)/(-15))/(i/(-9)). Suppose b - 52 = -r*b. What is the tens digit of b?
1
Suppose 4*v = 5*s + 77, 5*v - s - 95 = 4*s. Let a = v + 5. What is the units digit of a?
3
Let d(w) = -w + 8. Let m be d(4). What is the tens digit of ((-4)/m)/(2/(-44))?
2
Suppose 0 = -b + 4*b. Suppose -w + 5*w - 4 = b. What is the units digit of w?
1
What is the units digit of 30/45 - 1101/(-9)?
3
Suppose 0 = -c - 3 + 5. What is the units digit of -1 + (c - -1) + 3?
5
What is the units digit of -7 + 8 - 1*-4?
5
Suppose 3*s = 5*t - 1, 0*s - 3 = -s. Suppose b + 5*i - 18 = -t*b, -2*i = b - 7. What is the units digit of b?
1
Suppose 3*p = 3, 3*f - 3*p = -5*p + 122. Suppose -19*g - f = -21*g. What is the tens digit of g?
2
Let d be 169/3 - 2/6. Suppose -j + 3 = -d. Suppose 4*p + q = j, 3*p + 3*q + 0*q = 33. What is the units digit of p?
6
Let t(o) = -o + 52. What is the units digit of t(0)?
2
Let d be -2 - 2 - -2 - -5. Suppose 2*f + d = f. Let z(s) = -s**2 - 4*s + 4. What is the units digit of z(f)?
7
Suppose 12 = 2*d + d. Suppose -d*i + 0 = 12. What is the units digit of (2 + i)/(-1) - -3?
4
Let x be (1 - 0) + 9/3. Suppose 2*h - x = h. What is the units digit of (1*-1)/(h/(-32))?
8
Let p(r) be the first derivative of 5*r**3/3 + r**2 - r - 3. Let b be p(2). Let s = -13 + b. What is the units digit of s?
0
Suppose -5*x = -4*i + 23, 7*i - 2*i - 3*x - 19 = 0. Let s(a) = -15*a + 3. Let y(h) = 16*h - 3. Let m(q) = -5*s(q) - 4*y(q). What is the units digit of m(i)?
9
Let a = -4 + 7. Let m = 8 - a. What is the units digit of m?
5
Let t(p) = -p**2 + 4*p + 10. Let v be t(5). What is the units digit of 72/v - (-8)/(-20)?
4
Suppose 279 - 1119 = -5*p. What is the tens digit of p?
6
Suppose 4*a - 13 = 3. Suppose a*m + 0*m = 40. What is the units digit of m?
0
Suppose 0 = r - 3*r + 4. What is the units digit of r?
2
Suppose 3*v = -v + 208. What is the units digit of v?
2
Suppose -2*c = 5*n - 35 - 137, -2*c = 4*n - 136. What is the units digit of n?
6
Let l = 68 - 28. What is the units digit of l?
0
Suppose -5*v + 367 = 42. Suppose -3*n + 31 = -v. What is the tens digit of n?
3
What is the units digit of (-2 - (-24)/4) + 86?
0
Let z(v) = v**2 - v - 5. Let a = 17 + -10. What is the units digit of z(a)?
7
Suppose 9*v - 5*v = 76. What is the tens digit of v?
1
Let j(w) = 2*w + 6. Let t be j(-4). What is the units digit of 5 + (2 - 1 - t)?
8
Let c = 929 - 635. What is the tens digit of c?
9
Suppose 0 = -58*w + 62*w - 736. What is the tens digit of w?
8
What is the hundreds digit of (-12)/36 - (920/(-6) - -2)?
1
Let t = -1 - -56. What is the units digit of t?
5
Let b be (-12)/15*(-10)/2. Suppose 6 = -3*o, 0 = 3*r + 4*o - b - 9. What is the units digit of r?
7
Let k(g) = 6*g**3 - g**2 + g. Let l be 4/(-10) + 16/(-10). Let m b